{"id":793,"date":"2019-06-02T20:50:59","date_gmt":"2019-06-02T18:50:59","guid":{"rendered":"http:\/\/andreastriebel.de\/?page_id=793"},"modified":"2022-09-17T22:19:27","modified_gmt":"2022-09-17T20:19:27","slug":"autor","status":"publish","type":"page","link":"https:\/\/andreastriebel.de\/?page_id=793","title":{"rendered":"Autor"},"content":{"rendered":"\n<p>Ich bin in NRW aufgewachsen und habe in der Schule Latein und Griechisch und ein wenig Englisch gelernt. Ich lebe und arbeite im Ruhrgebiet und freue mich jetzt, dass die k\u00fcnstliche Intelligenz die \u00dcbersetzung meiner Texte in viele Sprachen erm\u00f6glicht.<\/p>\n\n\n\n<p>Allerdings \u00fcbersetzt die Maschine &#8222;Maas und Scholz sind kein Betriebsunfall&#8220; mit &#8222;industrial accident&#8220; anstatt  mit &#8222;unfortunate accident&#8220; und &#8222;mit Schimpf und Schande davonjagen&#8220; mit &#8222;chase it wih shame and shame&#8220; anstatt mit&#8220; chasing it away with shame and disgrace&#8220;: Die k\u00fcnstliche Intelligenz erscheint noch als sehr k\u00fcnstlich. Auch die doppelte Bedeutung des Wortes &#8222;k\u00fcnstlich&#8220; zu erfassen, ist wahrscheinlich zuviel verlangt.<\/p>\n\n\n\n<p>Ich bin ein aufmerksamer Beobachter des politischen Geschehens und aus einer distanzierten Position heraus f\u00e4llt es mir leichter,  einen kollektiven Wahn zu diagnostizieren. Diese Position kann ich aber nicht mehr aufrecht erhalten; der weltweite gesellschaftliche Umsturz trifft auch mich im Innersten. Ich muss jetzt meine \u00e4rztliche und wissenschaftliche Kompetenz einsetzen:<\/p>\n\n\n\n<p>So kann ich  wissenschaftliche Artikel analysieren und beurteilen. Ich kann &nbsp;erkennen, ob es sich um Scharlatanerie handelt oder um ernsthafte Wissenschaft.<\/p>\n\n\n\n<p>St\u00e4ndig werden mir drittmittelfinanzierte Forschungsergebnisse pr\u00e4sentiert, die sich auf ein bestimmtes &nbsp;Medikament beziehen. Ich muss dann anhand der wissenschaftlichen Ver\u00f6ffentlichungen entscheiden, ob der Einsatz des Medikaments wirklich ein Fortschritt bedeutet, oder ob es sich nur um ein Konkurrenzprodukt handelt, das leicht ver\u00e4ndert wurde, um den Patentschutz zu umgehen. Ich stehe dann oft vor der Frage:<\/p>\n\n\n\n<ul class=\"wp-block-list\"><li>Sind die analogen Insuline besser und auch f\u00fcr den Patienten geeigneter als die alten, bew\u00e4hrten<\/li><li>Sind stark in den Stoffwechsel eingreifende Medikamente angemessen, um einen Laborwert zu korrigieren? Zeigt die Erh\u00f6hung des Cholesterinspiegels eine Krankheit an  oder die Vorstufe zu einer Erkrankung oder handelt es sich um einen Hype, der von dem medizin- industriellen Komplex gesteuert wird?<\/li><li>Ist der Hormonspiegel des Patienten durch ein Medikament zu beeinflussen oder sind eher die Lebensumst\u00e4nde zu \u00e4ndern.<\/li><li>Wer hat Interesse an den Milliardenums\u00e4tzen und welche Interessen hat der Patient?<\/li><li>Kann ich es verantworten, einem Krebskranken zu einer Chemotherapie zu raten, die ihm noch vier Monate Lebenszeit erm\u00f6glicht, oder soll er besser ohne diese Behandlung leben. Dazu muss ich zwischen seri\u00f6ser und gesponserter wissenschaftlicher Literatur unterscheiden.<\/li><li>Soll ich einem Patienten aufgrund vieler wissenschaftlicher Empfehlungen raten, seine Blutzuckerwert unter eine bestimmte Grenze, die im Labor bestimmt wird , zu dr\u00fccken, oder\u00a0 soll er lieber mit dem bestehenden Wert weiter leben.<\/li><\/ul>\n\n\n\n<p>So&nbsp; muss ein Arzt, der sich st\u00e4ndig mit  wissenschaftlichen Arbeiten auseinandersetzt, lernen, in der Wissenschaft die Spreu vom Weizen zu trennen.<\/p>\n\n\n\n<p>Es f\u00e4llt dann nicht mehr schwer zu unterscheiden, ob ein Scharlatan im wei\u00dfen Kittel auftritt und mit der Autorit\u00e4t der Wissenschaft der Regierung genehme Prophezeiungen macht, oder ob seri\u00f6se Wissenschaftler auftreten. Und ganz zu schweigen davon, \u00a0welches Gef\u00fchl einen \u00fcberkommt, wenn man erf\u00e4hrt, dass die Ministerin der Charit\u00e9 schnell einhundertf\u00fcnfzig Millionen f\u00fcr das Virologenteam bereit stellt.<\/p>\n\n\n\n<p>Als Psychotherapeut muss ich auch im Auge haben, wenn ein Mensch, der zu Depression neigt, durch die allgemeine gesellschaftliche Depression gef\u00e4hrdet ist, ob ein Suizid&nbsp; bevor steht. Wie soll man einem Menschen helfen, wenn die Mehrheit der Bev\u00f6lkerung von einer kollektiven Psychose befallen ist?<\/p>\n\n\n\n<p>Schreiben Sie Kommentare, ich werde sie nach Durchsicht\nver\u00f6ffentlichen.<\/p>\n","protected":false},"excerpt":{"rendered":"<p>Ich bin in NRW aufgewachsen und habe in der Schule Latein und Griechisch und ein wenig Englisch gelernt. Ich lebe und arbeite im Ruhrgebiet und freue mich jetzt, dass die&hellip;<\/p>\n","protected":false},"author":1,"featured_media":0,"parent":0,"menu_order":0,"comment_status":"closed","ping_status":"closed","template":"","meta":{"footnotes":""},"class_list":["post-793","page","type-page","status-publish","hentry"],"_links":{"self":[{"href":"https:\/\/andreastriebel.de\/index.php?rest_route=\/wp\/v2\/pages\/793","targetHints":{"allow":["GET"]}}],"collection":[{"href":"https:\/\/andreastriebel.de\/index.php?rest_route=\/wp\/v2\/pages"}],"about":[{"href":"https:\/\/andreastriebel.de\/index.php?rest_route=\/wp\/v2\/types\/page"}],"author":[{"embeddable":true,"href":"https:\/\/andreastriebel.de\/index.php?rest_route=\/wp\/v2\/users\/1"}],"replies":[{"embeddable":true,"href":"https:\/\/andreastriebel.de\/index.php?rest_route=%2Fwp%2Fv2%2Fcomments&post=793"}],"version-history":[{"count":11,"href":"https:\/\/andreastriebel.de\/index.php?rest_route=\/wp\/v2\/pages\/793\/revisions"}],"predecessor-version":[{"id":3865,"href":"https:\/\/andreastriebel.de\/index.php?rest_route=\/wp\/v2\/pages\/793\/revisions\/3865"}],"wp:attachment":[{"href":"https:\/\/andreastriebel.de\/index.php?rest_route=%2Fwp%2Fv2%2Fmedia&parent=793"}],"curies":[{"name":"wp","href":"https:\/\/api.w.org\/{rel}","templated":true}]}}

<p>Ich bin in NRW aufgewachsen und habe in der Schule Latein und Griechisch und ein wenig Englisch gelernt. Ich lebe und arbeite im Ruhrgebiet und freue mich jetzt, dass die künstliche Intelligenz die Übersetzung meiner Texte in viele Sprachen ermöglicht.</p>



<p>Allerdings übersetzt die Maschine &#8222;Maas und Scholz sind kein Betriebsunfall&#8220; mit &#8222;industrial accident&#8220; anstatt  mit &#8222;unfortunate accident&#8220; und &#8222;mit Schimpf und Schande davonjagen&#8220; mit &#8222;chase it wih shame and shame&#8220; anstatt mit&#8220; chasing it away with shame and disgrace&#8220;: Die künstliche Intelligenz erscheint noch als sehr künstlich. Auch die doppelte Bedeutung des Wortes &#8222;künstlich&#8220; zu erfassen, ist wahrscheinlich zuviel verlangt.</p>



<p>Ich bin ein aufmerksamer Beobachter des politischen Geschehens und aus einer distanzierten Position heraus fällt es mir leichter,  einen kollektiven Wahn zu diagnostizieren. Diese Position kann ich aber nicht mehr aufrecht erhalten; der weltweite gesellschaftliche Umsturz trifft auch mich im Innersten. Ich muss jetzt meine ärztliche und wissenschaftliche Kompetenz einsetzen:</p>



<p>So kann ich  wissenschaftliche Artikel analysieren und beurteilen. Ich kann &nbsp;erkennen, ob es sich um Scharlatanerie handelt oder um ernsthafte Wissenschaft.</p>



<p>Ständig werden mir drittmittelfinanzierte Forschungsergebnisse präsentiert, die sich auf ein bestimmtes &nbsp;Medikament beziehen. Ich muss dann anhand der wissenschaftlichen Veröffentlichungen entscheiden, ob der Einsatz des Medikaments wirklich ein Fortschritt bedeutet, oder ob es sich nur um ein Konkurrenzprodukt handelt, das leicht verändert wurde, um den Patentschutz zu umgehen. Ich stehe dann oft vor der Frage:</p>



<ul class="wp-block-list"><li>Sind die analogen Insuline besser und auch für den Patienten geeigneter als die alten, bewährten</li><li>Sind stark in den Stoffwechsel eingreifende Medikamente angemessen, um einen Laborwert zu korrigieren? Zeigt die Erhöhung des Cholesterinspiegels eine Krankheit an  oder die Vorstufe zu einer Erkrankung oder handelt es sich um einen Hype, der von dem medizin- industriellen Komplex gesteuert wird?</li><li>Ist der Hormonspiegel des Patienten durch ein Medikament zu beeinflussen oder sind eher die Lebensumstände zu ändern.</li><li>Wer hat Interesse an den Milliardenumsätzen und welche Interessen hat der Patient?</li><li>Kann ich es verantworten, einem Krebskranken zu einer Chemotherapie zu raten, die ihm noch vier Monate Lebenszeit ermöglicht, oder soll er besser ohne diese Behandlung leben. Dazu muss ich zwischen seriöser und gesponserter wissenschaftlicher Literatur unterscheiden.</li><li>Soll ich einem Patienten aufgrund vieler wissenschaftlicher Empfehlungen raten, seine Blutzuckerwert unter eine bestimmte Grenze, die im Labor bestimmt wird , zu drücken, oder  soll er lieber mit dem bestehenden Wert weiter leben.</li></ul>



<p>So&nbsp; muss ein Arzt, der sich ständig mit  wissenschaftlichen Arbeiten auseinandersetzt, lernen, in der Wissenschaft die Spreu vom Weizen zu trennen.</p>



<p>Es fällt dann nicht mehr schwer zu unterscheiden, ob ein Scharlatan im weißen Kittel auftritt und mit der Autorität der Wissenschaft der Regierung genehme Prophezeiungen macht, oder ob seriöse Wissenschaftler auftreten. Und ganz zu schweigen davon,  welches Gefühl einen überkommt, wenn man erfährt, dass die Ministerin der Charité schnell einhundertfünfzig Millionen für das Virologenteam bereit stellt.</p>



<p>Als Psychotherapeut muss ich auch im Auge haben, wenn ein Mensch, der zu Depression neigt, durch die allgemeine gesellschaftliche Depression gefährdet ist, ob ein Suizid&nbsp; bevor steht. Wie soll man einem Menschen helfen, wenn die Mehrheit der Bevölkerung von einer kollektiven Psychose befallen ist?</p>



<p>Schreiben Sie Kommentare, ich werde sie nach Durchsicht
veröffentlichen.</p>
